t is the tens digit of r?
3
Let o = 4 + -17. Let v(d) = -d**3 - 13*d**2 - 2*d - 15. What is the tens digit of v(o)?
1
Let o = 3 + -1. Suppose o*n - 6 = -2. What is the units digit of 112/4 + 0 + n?
0
What is the tens digit of (-8)/(-52) + (-3469)/(-13)?
6
Let k(f) = 3*f**3 - 15*f**2 - 7*f - 8. What is the hundreds digit of k(8)?
5
Let o be 288/(-80)*(-10)/(-4). Let c be 130/2*9/o. Let f = 104 + c. What is the units digit of f?
9
Let p = -14 + 16. Suppose -p*w - 2 = -96. What is the tens digit of w?
4
Let k = 195 + -175. Suppose 5*g - 4*y - 76 = 0, -g - 2*y = -3*g + 32. Let a = k - g. What is the units digit of a?
8
Suppose -516 = -o + 4*o. Let b = -116 - o. What is the tens digit of b?
5
Let v = -504 + 930. What is the hundreds digit of v?
4
Suppose 8 = 2*k, 13*k = -h + 16*k + 30. What is the units digit of h?
2
What is the tens digit of (-36333)/(-55) + (-4)/(-10)?
6
Suppose 86 = 4*d + 2*q, -q - q = -2*d + 28. Let k = d - 8. Suppose -o + k = -10. What is the tens digit of o?
2
What is the units digit of (-9594)/(-16) + (-33)/(-88)?
0
What is the tens digit of (4*2/6)/(12/21582)?
9
Suppose -2*m - 3*x + 147 = -104, -m + x = -133. Suppose 4*z + z + m = 0. Let c = 18 - z. What is the tens digit of c?
4
Suppose -13314 = -37*m + 6407. What is the hundreds digit of m?
5
Let u(h) = -1184*h - 80. Let t be u(13). What is the hundreds digit of t/(-112) + (-2)/14?
1
What is the units digit of 5 + 35/(-7) - -1129?
9
Suppose d = 20 + 164. What is the tens digit of d/(-28) + 6 - (-361)/7?
5
Suppose 120 = 9*k - 13*k. Let g be 18/k + 304/(-10). What is the tens digit of 6/3 - (g - 3)?
3
Let o be ((-7)/(-9)*21)/(2/12). Suppose -182 = -4*u + o. What is the units digit of u?
0
Suppose 4*v + l + 127 = -0*v, 5*v = -3*l - 150. Let s(n) = n**3 - 7*n**2 - 11. Let j be s(6). Let w = v - j. What is the tens digit of w?
1
Let w = 120 - 129. Let t = 4 - 6. What is the units digit of (t - 66/w)*6?
2
Suppose -5*r = -7*r + 2018. What is the hundreds digit of r?
0
Suppose -2468 = -11*v + 7091. What is the hundreds digit of v?
8
Let v = 24 + -19. Suppose v*z = -4 + 704. Suppose 0 = -4*u - u + z. What is the units digit of u?
8
Let x = 77 - 247. What is the hundreds digit of (-1059)/(-5) - (x/(-25) - 7)?
2
Let t = -26 - -52. Suppose -3*f + 16 = -t. Let j = f - 8. What is the units digit of j?
6
Let m = -168 - -2663. What is the tens digit of m?
9
Suppose 34*b - 72818 = 69914. What is the hundreds digit of b?
1
Let p(z) = z**2 - 4*z - 4. Let s be p(6). Let q = s + -4. Suppose 0 = q*l - 29 - 59. What is the tens digit of l?
2
Suppose 4*v - 30 = -2. Suppose 2*o + 235 = v*o. What is the units digit of o?
7
Suppose -18*v = -9*v - 72. Let m(c) = 18*c. What is the hundreds digit of m(v)?
1
Let t(j) = 31*j + 15. What is the tens digit of t(13)?
1
Let u = 142 - 195. Let y = -101 + 25. Let j = u - y. What is the units digit of j?
3
Let n be ((-7)/3)/((-2)/6). Suppose v = 2*v - n. Let m = 24 - v. What is the tens digit of m?
1
Let f = 160 + 118. What is the units digit of f?
8
Let z(q) = q**3 + 2*q**2 + q + 1. Suppose -5*r = -t + 33, 5*r + 9 = -3*t - 12. Let p be (-19)/(-7) - r/21. What is the tens digit of z(p)?
4
Let x be 2*(-3)/2 - -204. Suppose -5*v = -4*o - x, -o - 3 - 1 = 0. Suppose -2*n + 2*l - 83 = -5*n, -v = -2*n - 5*l. What is the tens digit of n?
3
Let v = -22 + 19. Let r(b) = -12*b - 8. What is the tens digit of r(v)?
2
What is the units digit of (-70)/(((-18)/6)/30)?
0
Suppose 2 + 0 = -2*k. Let i be (1 + k)/(2 - 1). Suppose 4*p + i*p + 3*s - 88 = 0, 0 = -s - 4. What is the units digit of p?
5
Let v be 2 + (3 - (-124)/(-4)). Let i = 38 + v. What is the units digit of i?
2
Let p = 71 + 683. What is the units digit of p?
4
Suppose -21 - 14 = 5*s - 2*r, -5*s + 4*r = 35. Let l(u) = 5*u**2 + 10*u + 14. What is the tens digit of l(s)?
8
Suppose -4 = -4*v + 8. Suppose v*m = -m + 136. What is the units digit of m?
4
Let o(q) be the third derivative of 2*q**5/15 - q**3/3 + 10*q**2. Let t(n) = n**3 + 4*n**2 - 2*n - 6. Let w be t(-4). What is the tens digit of o(w)?
3
Suppose 3*j = -5*z + 18, 22 = z + 4*z + 2*j. Suppose -317 = -3*k - x, z = -5*x + 1. What is the units digit of k?
6
Let j be (-2328)/(-3) - (-1 + (0 - 3)). Suppose r + 4*r - j = 0. What is the units digit of r?
6
Let v(g) = -g**2 + 20*g - 22. Let j be v(16). What is the units digit of (-3)/(-2)*2*3332/j?
8
Let n = -2 - -1. Suppose -5*x + x + 88 = 0. What is the tens digit of (1 + x)/((-1)/n)?
2
Suppose -4*n + 127 = -433. Let a = -90 + n. What is the units digit of a?
0
Let c(b) = b**3 - 2*b**2 - 8 - 9*b**2 + 9*b + 7 + 15. Let w be c(10). Suppose w*r = 2*t - 56, 0 = 3*r + 5 + 4. What is the units digit of t?
2
Let w be -3 + -1 + 0 + 9. Suppose -w*c - 1 = -56. What is the units digit of c?
1
Let c = 0 - -1. Let u be 35/c*2/2. Suppose 2*j = 2*d + 42, -4*d - 13 - u = -2*j. What is the tens digit of j?
1
Let o(k) = 703*k - 463. What is the hundreds digit of o(5)?
0
Let s(z) = z**2 + 13*z + 13. Let d be s(-9). Let u = 13 + d. What is the units digit of u/(-15) - (-8)/6?
2
What is the tens digit of 10430/3 - 134/(-402)?
7
Suppose -5*i + 45 = 5*f, 0 = 3*f + i - 27 + 6. Suppose 8*o = f*o. Suppose o = -q - 2*q + 3. What is the units digit of q?
1
Let s = -9 + 2. Let o = -106 - -71. What is the units digit of (-3)/s - 160/o?
5
Let f = 16 + 39. Let t be (-10)/(-8) + f/20. Suppose -75 = -t*w - w. What is the tens digit of w?
1
Let c be 2/8*(12 - -2 - 2). Suppose -169 = -2*t + g, c*t - 228 = 4*g + 23. What is the tens digit of t?
8
Suppose n + 5*s + 17 = -2*n, 2*n = 3*s + 14. Let k = 19 + n. What is the tens digit of k?
2
Let u(y) = -y + 33. Let t be u(20). What is the units digit of (t - 18)*1/(-5)?
1
Suppose 5*m + 2*y - 8 - 12 = 0, 0 = y. Suppose m*k + 14 = 54. Let g = 12 + k. What is the tens digit of g?
2
Let y(x) be the first derivative of -2/3*x**3 - 1/4*x**4 + 1/2*x**2 - 5*x - 1. What is the units digit of y(-4)?
3
Suppose 0 = 20*d - 16*d - 2140. What is the units digit of d?
5
Let y = -14 - -4. Let i be -36 + (2/(-3) - (-4)/6). What is the tens digit of i/y*75/6?
4
Suppose l + 311 = 5*k, 0*l + 4*l + 128 = 2*k. Suppose k = -3*g - 43. What is the units digit of (g/(-20))/(2/8)?
7
Let x be 63/6*(-36)/21. Let f be (-12)/3 - 1*2. What is the tens digit of ((-34)/(-6))/(f/x)?
1
Let x be -20*-1*4/(-24)*-3. Suppose 5*m = -5 + x, -m + 193 = v. What is the units digit of v?
2
Let l(s) = -s**3 - 10*s**2 - 11*s + 7. Let c be l(-8). Let z = c - -35. Suppose -8*p = -z*p - 270. What is the units digit of p?
5
Suppose 3*r + s + 6 = -2*s, 0 = -2*s - 8. Suppose j = r*k - 47, 17 = 2*k - 0*j + 5*j. What is the units digit of k?
1
Suppose 3*h - 4*u - 2164 = 0, 4*h - 2917 = -u - 0*u. What is the units digit of h?
8
Let a be 3*(2 - (-7)/(-3)). Let h = a + 0. What is the tens digit of (h/(-1) - 2)*-27?
2
Let l(j) be the third derivative of j**6/120 + j**5/60 - 3*j**4/8 - j**3/6 + 6*j**2. What is the tens digit of l(4)?
4
Let z = -349 - -602. Suppose 0 = 3*k + 3*m - z - 152, 3*k = 3*m + 417. What is the tens digit of k?
3
Suppose -44*j + 118590 = 15*j. What is the units digit of j?
0
Suppose 4*d + 173 = -3*o - 275, 0 = 3*d + 5*o + 347. Let j = d - -242. Let z = -76 + j. What is the tens digit of z?
5
Let l = 5919 - 4138. What is the hundreds digit of l?
7
Let l(z) = z**2 + z - 17. Suppose -23*o + 44 = -19*o. What is the hundreds digit of l(o)?
1
Suppose 4*b - 4*u - 1368 = 0, 3*u + 1674 = 5*b + 7*u. Let h = 560 - b. What is the tens digit of h?
2
Let n(s) = 3*s**2 + 2*s - 9. Let y be n(-6). Let w = y - 128. Let b = w - -80. What is the units digit of b?
9
Let k = -1541 + 2228. What is the tens digit of k?
8
Let t(u) = 85*u**2 + 9*u - 2. What is the units digit of t(2)?
6
Let v(z) = 125*z - 236. What is the units digit of v(12)?
4
Suppose -3*t = -6*t - 3. Let f(l) be the first derivative of -8*l**2 + 2*l - 7. What is the units digit of f(t)?
8
Let h(k) = -k**3 - 2*k + 2. Let f be h(0). Let i(j) = -2 + f*j - 9*j**2 - j**2 + 12*j**2. What is the tens digit of i(-4)?
2
Let n(h) = 2*h + 1. Let v be n(2). Suppose 4*i = 4*t - 1640, -t + v*t - 1641 = 3*i. What is the units digit of t/21 + (-4)/7?
9
Let m be -12 - -14 - (0/1 + -1). Suppose 5*x - 316 = 3*c, 0 = 3*x + m*c - c - 201. What is the units digit of x?
5
Let n(w) = 2*w + 21. Let c be n(-8). Suppose -